9
What are the prime factors of 10759150?
2, 5, 215183
What are the prime factors of 51795239?
677, 76507
List the prime factors of 467729231.
587, 796813
What are the prime factors of 207965947?
7, 17, 249659
List the prime factors of 90895307.
61, 157, 9491
List the prime factors of 7696888077.
3, 79, 607, 53503
What are the prime factors of 12512135?
5, 1171, 2137
What are the prime factors of 2861996061?
3, 953998687
What are the prime factors of 46899915?
3, 5, 3126661
What are the prime factors of 2496872508?
2, 3, 13, 29, 551917
List the prime factors of 1446389240.
2, 5, 17, 2127043
List the prime factors of 175315777.
7, 13, 157, 1753
What are the prime factors of 1150053473?
461, 2494693
List the prime factors of 273677.
23, 73, 163
List the prime factors of 80656835.
5, 7, 59, 139, 281
List the prime factors of 2451201.
3, 31, 26357
List the prime factors of 2986041489.
3, 31, 2617, 12269
List the prime factors of 34914927.
3, 29, 401321
List the prime factors of 803559359.
803559359
What are the prime factors of 124082397?
3, 47, 293339
List the prime factors of 9869797.
7, 19, 74209
What are the prime factors of 183988181?
13, 14152937
List the prime factors of 312071125.
5, 17, 146857
What are the prime factors of 17460658?
2, 19, 199, 2309
What are the prime factors of 86833375?
5, 191, 3637
What are the prime factors of 389447914?
2, 23, 8466259
List the prime factors of 1929384055.
5, 37, 941, 11083
List the prime factors of 63563992.
2, 107, 74257
List the prime factors of 31221705.
3, 5, 41, 50767
What are the prime factors of 2810110118?
2, 439, 3200581
What are the prime factors of 5105130573?
3, 2657, 640463
List the prime factors of 52606955.
5, 2711, 3881
List the prime factors of 403593914.
2, 41, 97, 50741
What are the prime factors of 338682102?
2, 3, 11, 1979, 2593
List the prime factors of 4470335.
5, 894067
What are the prime factors of 1823225561?
1823225561
What are the prime factors of 297838677?
3, 99279559
What are the prime factors of 1261117?
11, 13, 8819
List the prime factors of 1463931839.
83, 17637733
What are the prime factors of 345424531?
787, 438913
What are the prime factors of 1192012069?
17, 149, 470593
List the prime factors of 146377507.
146377507
List the prime factors of 75834553.
67, 293, 3863
What are the prime factors of 314395832?
2, 23, 113, 15121
List the prime factors of 2206725692.
2, 551681423
List the prime factors of 30224829.
3, 23, 43, 61, 167
List the prime factors of 862304940.
2, 3, 5, 7, 17, 71
What are the prime factors of 66304408?
2, 761, 10891
List the prime factors of 47862450.
2, 3, 5, 31, 47, 73
List the prime factors of 21337568.
2, 7, 95257
List the prime factors of 295232659.
17, 19, 73, 659
What are the prime factors of 77123058?
2, 3, 12853843
List the prime factors of 434843178.
2, 3, 7, 11, 101, 9319
What are the prime factors of 802025927?
5003, 160309
What are the prime factors of 110328606?
2, 3, 17, 360551
List the prime factors of 5418309842.
2, 11, 6379, 38609
List the prime factors of 35626679.
11, 17, 317, 601
List the prime factors of 2454475876.
2, 613618969
List the prime factors of 5614464268.
2, 7, 17, 693829
List the prime factors of 17916828.
2, 3, 73, 113, 181
List the prime factors of 1637696227.
1637696227
What are the prime factors of 400713723?
3, 4947083
List the prime factors of 437196770.
2, 5, 43719677
List the prime factors of 94542240.
2, 3, 5, 13, 109, 139
What are the prime factors of 161816740?
2, 5, 43, 188159
What are the prime factors of 383931335?
5, 97, 617, 1283
List the prime factors of 3534405088.
2, 293, 376963
What are the prime factors of 46647284?
2, 71, 164251
What are the prime factors of 229516357?
7, 32788051
List the prime factors of 159624912.
2, 3, 3325519
List the prime factors of 1293238344.
2, 3, 19, 251, 11299
What are the prime factors of 1069375305?
3, 5, 7237, 9851
List the prime factors of 594456525.
3, 5, 13, 203233
What are the prime factors of 5089166792?
2, 15013, 42373
What are the prime factors of 133821677?
11, 12165607
What are the prime factors of 1161512?
2, 11, 67, 197
List the prime factors of 910913042.
2, 13, 89, 107, 283
What are the prime factors of 6954249326?
2, 197, 433, 40763
List the prime factors of 547662898.
2, 59, 4641211
List the prime factors of 215266927.
547, 393541
List the prime factors of 3959240122.
2, 28309, 69929
What are the prime factors of 65843909?
41, 71, 22619
List the prime factors of 69622577.
113, 616129
What are the prime factors of 73494746?
2, 13, 47, 137, 439
List the prime factors of 1808203532.
2, 3533, 127951
List the prime factors of 150266377.
150266377
What are the prime factors of 332323090?
2, 5, 11, 23, 5711
What are the prime factors of 809881404?
2, 3, 751, 89867
What are the prime factors of 129467534?
2, 7, 3041
List the prime factors of 1680638442.
2, 3, 7, 89, 449609
List the prime factors of 86781190.
2, 5, 257, 33767
List the prime factors of 27304566.
2, 3, 223, 20407
What are the prime factors of 359465982?
2, 3, 43, 359, 3881
List the prime factors of 1758482713.
13, 433, 312397
What are the prime factors of 910982836?
2, 4993, 45613
List the prime factors of 14822867.
31, 478157
List the prime factors of 1697114250.
2, 3, 5, 13, 17, 3413
What are the prime factors of 63860081?
89, 717529
What are the prime factors of 1092349138?
2, 101, 5407669
What are the prime factors of 3724494?
2, 3, 19, 37, 883
What are the prime factors of 117182828?
2, 7, 4185101
List the prime factors of 403377856.
2, 7, 900397
What are the prime factors of 838600732?
2, 209650183
List the prime factors of 16612968.
2, 3, 631, 1097
List the prime factors of 42418127.
19, 127, 17579
What are the prime factors of 119984330?
2, 5, 23, 521671
What are the prime factors of 303739416?
2, 3, 163, 8627
List the prime factors of 6292762469.
7, 59, 15236713
What are the prime factors of 126804618?
2, 3, 181, 38921
What are the prime factors of 221651038?
2, 7, 15832217
What are the prime factors of 59726867?
283, 211049
What are the prime factors of 508650371?
508650371
What are the prime factors of 97405556?
2, 193, 126173
List the prime factors of 1196979060.
2, 3, 5, 29, 71, 9689
List the prime factors of 174599131.
7, 1553, 16061
List the prime factors of 1386259792.
2, 5849, 14813
What are the prime factors of 1820821366?
2, 7, 13, 10004513
What are the prime factors of 1563349171?
1563349171
What are the prime factors of 374887519?
17, 467, 47221
What are the prime factors of 386133803?
11, 35103073
What are the prime factors of 40865655?
3, 5, 2724377
List the prime factors of 4149492.
2, 3, 345791
List the prime factors of 93062459.
7, 13294637
What are the prime factors of 379732412?
2, 94933103
List the prime factors of 152597882.
2, 17, 151, 29723
List the prime factors of 313820555.
5, 167, 375833
List the prime factors of 242378487.
3, 13, 43, 53, 101
List the prime factors of 112918743.
3, 7, 17, 59, 1787
What are the prime factors of 2333536?
2, 72923
What are the prime factors of 26229884?
2, 6557471
List the prime factors of 96146939.
7, 13735277
List the prime factors of 20926784.
2, 79, 4139
What are the prime factors of 1873220709?
3, 19937, 31319
List the prime factors of 40874864.
2, 23, 31, 3583
List the prime factors of 797298783.
3, 2459, 108079
What are the prime factors of 8459505?
3, 5, 223, 281
List the prime factors of 40042343.
11, 1213, 3001
List the prime factors of 98555431.
13, 41, 179, 1033
What are the prime factors of 1962475446?
2, 3, 327079241
List the prime factors of 25422091.
41, 620051
List the prime factors of 255743990.
2, 5, 19, 1346021
List the prime factors of 354396124.
2, 29, 1171, 2609
What are the prime factors of 106027929?
3, 7, 17, 98999
What are the prime factors of 1110269452?
2, 277567363
List the prime factors of 801763948.
2, 103, 1946029
List the prime factors of 151731773.
151731773
List the prime factors of 15365832.
2, 3, 19, 31, 1087
What are the prime factors of 22815801?
3, 2535089
What are the prime factors of 2883317000?
2, 5, 2883317
What are the prime factors of 8064007239?
3, 17, 67, 79, 29873
What are the prime factors of 6627550?
2, 5, 83, 1597
What are the prime factors of 18893601?
3, 31, 2257